2) to base 13.
1
What is 140 (base 5) in base 10?
45
Convert b (base 14) to base 3.
102
What is -1 (base 14) in base 15?
-1
406 (base 7) to base 8
312
-36 (base 16) to base 15
-39
Convert -20 (base 6) to base 9.
-13
92 (base 12) to base 4
1232
-21 (base 8) to base 11
-16
136 (base 7) to base 15
51
What is -2 (base 5) in base 4?
-2
Convert 2111 (base 3) to base 13.
52
What is -1100111 (base 2) in base 4?
-1213
-22 (base 3) to base 16
-8
Convert -114 (base 6) to base 10.
-46
26 (base 15) to base 8
44
-124 (base 6) to base 3
-1221
Convert -1c (base 14) to base 13.
-20
What is -8 (base 15) in base 7?
-11
6 (base 10) to base 14
6
Convert 50 (base 6) to base 14.
22
6 (base 14) to base 16
6
1 (base 15) to base 13
1
What is 100010 (base 2) in base 3?
1021
Convert 511 (base 6) to base 12.
137
Convert 246 (base 9) to base 12.
150
Convert -3 (base 6) to base 3.
-10
Convert 530 (base 7) to base 5.
2031
-12 (base 10) to base 7
-15
What is 2c (base 16) in base 9?
48
What is 3 (base 8) in base 3?
10
What is 2 (base 6) in base 14?
2
Convert -145 (base 6) to base 14.
-49
Convert 3 (base 10) to base 14.
3
What is -11 (base 9) in base 10?
-10
Convert 50 (base 11) to base 6.
131
Convert -52 (base 9) to base 4.
-233
What is -1011000 (base 2) in base 9?
-107
Convert 6c (base 14) to base 11.
88
Convert 211 (base 5) to base 11.
51
Convert -11 (base 12) to base 6.
-21
Convert -42 (base 15) to base 5.
-222
-19 (base 16) to base 2
-11001
-2 (base 14) to base 5
-2
What is -14 (base 6) in base 5?
-20
What is -1110 (base 4) in base 16?
-54
-c (base 16) to base 8
-14
What is 120 (base 4) in base 16?
18
What is -22 (base 3) in base 11?
-8
3d (base 16) to base 10
61
What is -1 (base 3) in base 8?
-1
-31 (base 8) to base 3
-221
Convert -1102 (base 3) to base 7.
-53
Convert 4 (base 8) to base 9.
4
Convert -4 (base 9) to base 15.
-4
Convert -3 (base 7) to base 8.
-3
-22 (base 15) to base 9
-35
Convert -13 (base 9) to base 11.
-11
Convert -1 (base 13) to base 4.
-1
Convert -101 (base 4) to base 9.
-18
What is 12 (base 5) in base 15?
7
What is 11 (base 16) in base 10?
17
10 (base 7) to base 13
7
-14 (base 7) to base 8
-13
-2 (base 7) to base 2
-10
What is -5 (base 7) in base 14?
-5
What is -4 (base 15) in base 14?
-4
Convert 10 (base 10) to base 4.
22
What is -7 (base 13) in base 2?
-111
26 (base 10) to base 15
1b
What is -22 (base 16) in base 6?
-54
What is 3 (base 8) in base 3?
10
Convert -44 (base 15) to base 10.
-64
3 (base 6) to base 7
3
Convert -11 (base 10) to base 11.
-10
What is 6 (base 7) in base 8?
6
Convert -a (base 15) to base 6.
-14
2 (base 11) to base 5
2
What is -10 (base 4) in base 6?
-4
What is 121 (base 5) in base 6?
100
What is -112 (base 4) in base 16?
-16
Convert 37 (base 11) to base 5.
130
Convert -1 (base 14) to base 10.
-1
Convert b (base 16) to base 14.
b
10 (base 3) to base 8
3
What is 101211 (base 3) in base 16?
124
What is 1 (base 12) in base 3?
1
Convert -10 (base 8) to base 15.
-8
What is 11100110 (base 2) in base 10?
230
Convert 3 (base 16) to base 3.
10
Convert 100 (base 2) to base 4.
10
What is 110100 (base 2) in base 6?
124
What is 1 (base 10) in base 14?
1
10 (base 6) to base 4
12
-3 (base 16) to base 11
-3
8 (base 15) to base 6
12
-52 (base 15) to base 3
-2212
Convert -3a (base 13) to base 8.
-61
Convert -106 (base 8) to base 16.
-46
Convert 1 (base 15) to base 5.
1
Convert -243 (base 5) to base 12.
-61
Convert 51 (base 6) to base 5.
111
Convert -110 (base 8) to base 9.
-80
3c (base 14) to base 4
312
What is 1 (base 3) in base 13?
1
Convert -24 (base 15) to base 6.
-54
1 (base 14) to base 13
1
Convert -7b (base 16) to base 15.
-83
12 (base 6) to base 11
8
Convert 7 (base 11) to base 4.
13
21 (base 6) to base 12
11
-2 (base 13) to base 11
-2
-214 (base 6) to base 2
-1010010
What is 92 (base 12) in base 14?
7c
Convert -7 (base 12) to base 14.
-7
Convert -1 (base 8) to base 6.
-1
Convert -10 (base 7) to base 15.
-7
What is -12 (base 4) in base 6?
-10
16 (base 9) to base 5
30
Convert 22 (base 9) to base 13.
17
What is -1 (base 4) in base 11?
-1
16 (base 14) to base 3
202
What is -12 (base 3) in base 11?
-5
4 (base 7) to base 9
4
What is -10001000 (base 2) in base 7?
-253
What is -11 (base 5) in base 3?
-20
12 (base 6) to base 12
8
What is -4 (base 7) in base 12?
-4
Convert 10110110 (base 2) to base 3.
20202
Convert -101 (base 2) to base 13.
-5
What is 3 (base 14) in base 3?
10
Convert 1100 (base 2) to base 13.
c
Convert -3212 (base 4) to base 6.
-1022
What is 211 (base 3) in base 4?
112
-1011 (base 4) to base 5
-234
-30 (base 14) to base 11
-39
Convert -9 (base 10) to base 15.
-9
11 (base 3) to base 4
10
Convert 6 (base 12) to base 16.
6
What is -130 (base 5) in base 3?
-1111
Convert 8 (base 10) to base 13.
8
What is 3 (base 12) in base 16?
3
Convert -11010 (base 3) to base 13.
-87
-103 (base 11) to base 2
-1111100
-44 (base 8) to base 2
-100100
Convert 2133 (base 4) to base 6.
423
What is 23 (base 5) in base 13?
10
31 (base 15) to base 2
101110
-2 (base 7) to base 4
-2
0 (base 6) to base 8
0
Convert -1 (base 3) to base 16.
-1
14 (base 5) to base 6
13
What is 62 (base 16) in base 8?
142
What is -8 (base 12) in base 15?
-8
What is -4 (base 9) in base 5?
-4
What is 1 (base 6) in base 3?
1
Convert -7 (base 13) to base 15.
-7
221 (base 5) to base 3
2021
What is 2100 (base 4) in base 2?
10010000
What is 14 (base 7) in base 14?
b
What is 45 (base 9) in base 10?
41
What is -33 (base 6) in base 12?
-19
What is 124 (base 5) in base 14?
2b
Convert 400 (base 7) to base 8.
304
What is 14 (base 7) in base 11?
10
What is 255 (base 6) in base 4?
1223
What is 2 (base 10) in base 2?
10
Convert 11 (base 4) to base 8.
5
Convert -69 (base 11) to base 7.
-135
What is 11000111 (base 2) in base 13?
124
What is -10 (base 9) in base 3?
-100
1 (base 7) to base 11
1
Convert -13 (base 4) to base 15.
-7
Convert 18 (base 14) to base 13.
19
Convert -13 (base 8) to base 14.
-b
Convert 52 (base 7) to base 9.
41
12 (base 3) to base 13
5
Convert 12 (base 9) to base 11.
10
2 (base 15) to base 14
2
-6 (base 13) to base 6
-10
Convert -43 (base 8) to base 16.
-23
Convert -85 (base 13) to base 9.
-131
What is -26 (base 13) in base 5?
-112
What is 27 (base 11) in base 10?
29
-7 (base 11) to base 8
-7
101 (base 2) to base 6
5
Convert 33 (base 8) to base 13.
21
What is -186 (base 9) in base 5?
-1114
What is -300 (base 4) in base 15?
-33
Convert 13 (base 6) to base 4.
21
Convert -1001110 (base 2) to base 6.
-210
What is -2024 (base 5) in base 16?
-108
Convert 113 (base 7) to base 15.
3e
21 (base 4) to base 3
100
Convert 49 (base 12) to base 4.
321
What is 5 (base 7) in base 11?
5
What is -18 (base 13) in base 7?
-30
What is 13 (base 8) in base 5?
21
Convert -3 (base 13) to base 2.
-11
Convert -8 (base 15) to base 4.
-20
2 (base 10) to base 8
2
What is d (base 14) in base 11?
12
Convert -3 (base 15) to base 9.
-3
What is -129 (base 10) in base 5?
-1004
What is -10 (base 3) in base 16?
-3
What is -3022 (base 5) in base 16?
-183
-1 (base 12) to base 4
-1
-86 (base 16) to base 12
-b2
Convert 5 (base 16) to base 12.
5
11110 (base 2) to base 13
24
1 (base 16) to base 8
1
What is 4 (base 7) in base 12?
4
Convert -552 (base 6) to base 7.
-422
What is -10110 (base 2) in base 15?
-17
What is 231 (base 4) in base 11?
41
Convert 1 (base 7) to base 4.
1
Convert 3 (base 6) to base 4.
3
-18 (base 14) to base 9
-24
What is 30 (base 7) in base 15?
16
What is 11 (base 4) in base 13?
5
Convert -111 (base 8) to base 12.
-61
Convert -2d (base 14) to base 10.
-41
29 (base 15) to base 8
47
-15 (base 6) to base 5
-21
Convert -2 (base 7) to base 5.
-2
7d (base 15) to base 16
76
What is -210 (base 6) in base 12?
-66
Convert 1 (base 3) to base 5.
1
-413 (base 5) to base 8
-154
What is 1022 (base 3) in base 9?
38
Convert -6 (base 10) to base 8.
-6
Convert 1 (base 11) to base 14.
1
What is -114 (base 7) in base 10?
-60
Convert 2 (base 4) to base 2.
10
What is -10011 (base 2) in base 14?
-15
-49 (base 14) to base 11
-5a
What is 4 (base 15) in base 5?
4
What is 0 (base 3) in base 13?
0
-42 (base 14) to base 16
-3a
311 (base 4) to base 10
53
1 (base 2) to base 4
1
Convert -e (base 16) to base 8.
-16
a (base 11) to base 14
a
Convert 22012 (base 3) to base 8.
335
What is 0 (base 10) in base 12?
0
What is 13 (base 7) in 